emainder when 163 is divided by 82?
81
What is the remainder when 3357 is divided by 27?
9
What is the remainder when 46 is divided by 16?
14
Calculate the remainder when 54 is divided by 21.
12
What is the remainder when 4158 is divided by 13?
11
What is the remainder when 130 is divided by 43?
1
Calculate the remainder when 168 is divided by 61.
46
What is the remainder when 48 is divided by 34?
14
Calculate the remainder when 506 is divided by 16.
10
What is the remainder when 116 is divided by 34?
14
Calculate the remainder when 85 is divided by 43.
42
What is the remainder when 229 is divided by 30?
19
Calculate the remainder when 171 is divided by 79.
13
Calculate the remainder when 368 is divided by 94.
86
What is the remainder when 236 is divided by 20?
16
Calculate the remainder when 269 is divided by 98.
73
What is the remainder when 88 is divided by 47?
41
Calculate the remainder when 672 is divided by 171.
159
What is the remainder when 1423 is divided by 57?
55
What is the remainder when 1933 is divided by 960?
13
What is the remainder when 320 is divided by 17?
14
Calculate the remainder when 441 is divided by 102.
33
What is the remainder when 283 is divided by 38?
17
What is the remainder when 707 is divided by 20?
7
What is the remainder when 236 is divided by 30?
26
What is the remainder when 63 is divided by 27?
9
What is the remainder when 113 is divided by 11?
3
What is the remainder when 831 is divided by 446?
385
What is the remainder when 989 is divided by 249?
242
Calculate the remainder when 134 is divided by 40.
14
What is the remainder when 82 is divided by 26?
4
Calculate the remainder when 365 is divided by 24.
5
What is the remainder when 407 is divided by 110?
77
What is the remainder when 1954 is divided by 324?
10
What is the remainder when 124 is divided by 27?
16
What is the remainder when 3434 is divided by 9?
5
What is the remainder when 208 is divided by 10?
8
What is the remainder when 309 is divided by 18?
3
What is the remainder when 398 is divided by 40?
38
What is the remainder when 610 is divided by 153?
151
Calculate the remainder when 89 is divided by 4.
1
What is the remainder when 687 is divided by 118?
97
What is the remainder when 86 is divided by 46?
40
What is the remainder when 144 is divided by 26?
14
Calculate the remainder when 1954 is divided by 124.
94
What is the remainder when 3443 is divided by 14?
13
Calculate the remainder when 27 is divided by 6.
3
Calculate the remainder when 2747 is divided by 84.
59
Calculate the remainder when 51 is divided by 12.
3
What is the remainder when 13357 is divided by 31?
27
What is the remainder when 789 is divided by 11?
8
What is the remainder when 53 is divided by 18?
17
What is the remainder when 1268 is divided by 414?
26
Calculate the remainder when 707 is divided by 65.
57
Calculate the remainder when 4948 is divided by 106.
72
What is the remainder when 193 is divided by 18?
13
Calculate the remainder when 58 is divided by 6.
4
Calculate the remainder when 178 is divided by 78.
22
What is the remainder when 86 is divided by 22?
20
Calculate the remainder when 44 is divided by 23.
21
What is the remainder when 13 is divided by 7?
6
What is the remainder when 50 is divided by 14?
8
Calculate the remainder when 147 is divided by 43.
18
What is the remainder when 397 is divided by 129?
10
Calculate the remainder when 122 is divided by 29.
6
Calculate the remainder when 11044 is divided by 3677.
13
Calculate the remainder when 3763 is divided by 290.
283
What is the remainder when 2298 is divided by 11?
10
What is the remainder when 96 is divided by 9?
6
Calculate the remainder when 418 is divided by 28.
26
Calculate the remainder when 35 is divided by 32.
3
Calculate the remainder when 119 is divided by 35.
14
What is the remainder when 89 is divided by 31?
27
What is the remainder when 143 is divided by 52?
39
Calculate the remainder when 411 is divided by 104.
99
Calculate the remainder when 134 is divided by 27.
26
Calculate the remainder when 977 is divided by 976.
1
What is the remainder when 1975 is divided by 11?
6
What is the remainder when 179 is divided by 7?
4
What is the remainder when 5847 is divided by 39?
36
What is the remainder when 580 is divided by 13?
8
Calculate the remainder when 1709 is divided by 15.
14
Calculate the remainder when 688 is divided by 329.
30
What is the remainder when 10138 is divided by 156?
154
What is the remainder when 3796 is divided by 541?
9
Calculate the remainder when 71 is divided by 70.
1
What is the remainder when 102 is divided by 7?
4
What is the remainder when 183 is divided by 47?
42
What is the remainder when 707 is divided by 178?
173
Calculate the remainder when 494 is divided by 16.
14
Calculate the remainder when 233 is divided by 230.
3
What is the remainder when 137 is divided by 79?
58
What is the remainder when 404 is divided by 41?
35
What is the remainder when 911 is divided by 5?
1
What is the remainder when 1952 is divided by 488?
0
Calculate the remainder when 223 is divided by 75.
73
Calculate the remainder when 2179 is divided by 20.
19
What is the remainder when 477 is divided by 98?
85
What is the remainder when 82 is divided by 50?
32
What is the remainder when 391 is divided by 100?
91
Calculate the remainder when 1855 is divided by 64.
63
What is the remainder when 4688 is divided by 17?
13
Calculate the remainder when 6716 is divided by 40.
36
Calculate the remainder when 3106 is divided by 513.
28
Calculate the remainder when 72 is divided by 4.
0
Calculate the remainder when 852 is divided by 139.
18
What is the remainder when 31 is divided by 23?
8
What is the remainder when 54 is divided by 28?
26
Calculate the remainder when 147 is divided by 41.
24
Calculate the remainder when 309 is divided by 6.
3
Calculate the remainder when 144 is divided by 37.
33
What is the remainder when 686 is divided by 98?
0
What is the remainder when 3329 is divided by 22?
7
What is the remainder when 338 is divided by 4?
2
Calculate the remainder when 706 is divided by 17.
9
What is the remainder when 3540 is divided by 147?
12
Calculate the remainder when 2197 is divided by 88.
85
What is the remainder when 48618 is divided by 17?
15
Calculate the remainder when 81 is divided by 6.
3
Calculate the remainder when 705 is divided by 172.
17
Calculate the remainder when 4117 is divided by 20.
17
Calculate the remainder when 2156 is divided by 21.
14
What is the remainder when 1018 is divided by 324?
46
Calculate the remainder when 340 is divided by 39.
28
What is the remainder when 3631 is divided by 9?
4
What is the remainder when 1267 is divided by 180?
7
Calculate the remainder when 886 is divided by 310.
266
Calculate the remainder when 1077 is divided by 128.
53
Calculate the remainder when 10765 is divided by 97.
95
What is the remainder when 1196 is divided by 40?
36
Calculate the remainder when 5302 is divided by 14.
10
What is the remainder when 2066 is divided by 26?
12
Calculate the remainder when 973 is divided by 27.
1
Calculate the remainder when 434 is divided by 147.
140
Calculate the remainder when 826 is divided by 23.
21
What is the remainder when 1740 is divided by 218?
214
Calculate the remainder when 92 is divided by 32.
28
What is the remainder when 680 is divided by 146?
96
What is the remainder when 99 is divided by 42?
15
Calculate the remainder when 614 is divided by 28.
26
What is the remainder when 3344 is divided by 107?
27
What is the remainder when 2483 is divided by 11?
8
What is the remainder when 301 is divided by 49?
7
What is the remainder when 2770 is divided by 918?
16
Calculate the remainder when 136 is divided by 3.
1
Calculate the remainder when 103 is divided by 7.
5
Calculate the remainder when 2719 is divided by 85.
84
What is the remainder when 4670 is divided by 146?
144
What is the remainder when 94 is divided by 16?
14
What is the remainder when 1053 is divided by 49?
24
Calculate the remainder when 26 is divided by 20.
6
What is the remainder when 7451 is divided by 138?
137
What is the remainder when 60 is divided by 8?
4
What is the remainder when 292 is divided by 26?
6
Calculate the remainder when 86 is divided by 53.
33
What 